{"id":9718,"date":"2023-07-31T21:31:33","date_gmt":"2023-07-31T21:31:33","guid":{"rendered":"https:\/\/transparenciave.org\/economias-ilicitas\/?page_id=9718"},"modified":"2023-09-27T22:03:28","modified_gmt":"2023-09-27T22:03:28","slug":"institucionalidad-un-entorno-favorable-al-crimen-organizado","status":"publish","type":"page","link":"https:\/\/transparenciave.org\/economias-ilicitas\/institucionalidad-un-entorno-favorable-al-crimen-organizado\/","title":{"rendered":"Institucionalidad, un entorno favorable al crimen organizado"},"content":{"rendered":"\t\t<div data-elementor-type=\"wp-page\" data-elementor-id=\"9718\" class=\"elementor elementor-9718\" data-elementor-post-type=\"page\">\n\t\t\t\t\t\t<section class=\"elementor-section elementor-top-section elementor-element elementor-element-0dd6cab elementor-section-boxed elementor-section-height-default elementor-section-height-default\" data-id=\"0dd6cab\" data-element_type=\"section\">\n\t\t\t\t\t\t<div class=\"elementor-container elementor-column-gap-default\">\n\t\t\t\t\t<div class=\"elementor-column elementor-col-100 elementor-top-column elementor-element elementor-element-effa66a\" data-id=\"effa66a\" data-element_type=\"column\">\n\t\t\t<div class=\"elementor-widget-wrap elementor-element-populated\">\n\t\t\t\t\t\t<div class=\"elementor-element elementor-element-c9770db elementor-invisible elementor-widget elementor-widget-image\" data-id=\"c9770db\" data-element_type=\"widget\" data-settings=\"{&quot;_animation&quot;:&quot;slideInLeft&quot;}\" data-widget_type=\"image.default\">\n\t\t\t\t<div class=\"elementor-widget-container\">\n\t\t\t\t\t\t\t\t\t\t\t\t\t\t\t<img fetchpriority=\"high\" decoding=\"async\" width=\"768\" height=\"151\" src=\"https:\/\/transparenciave.org\/economias-ilicitas\/wp-content\/uploads\/2023\/07\/banner-icono-principal-04-04-768x151.png\" class=\"attachment-medium_large size-medium_large wp-image-9793\" alt=\"\" srcset=\"https:\/\/transparenciave.org\/economias-ilicitas\/wp-content\/uploads\/2023\/07\/banner-icono-principal-04-04-768x151.png 768w, https:\/\/transparenciave.org\/economias-ilicitas\/wp-content\/uploads\/2023\/07\/banner-icono-principal-04-04-300x59.png 300w, https:\/\/transparenciave.org\/economias-ilicitas\/wp-content\/uploads\/2023\/07\/banner-icono-principal-04-04.png 1024w\" sizes=\"(max-width: 768px) 100vw, 768px\" \/>\t\t\t\t\t\t\t\t\t\t\t\t\t\t\t<\/div>\n\t\t\t\t<\/div>\n\t\t\t\t<div class=\"elementor-element elementor-element-654080e elementor-widget elementor-widget-heading\" data-id=\"654080e\" data-element_type=\"widget\" data-widget_type=\"heading.default\">\n\t\t\t\t<div class=\"elementor-widget-container\">\n\t\t\t\t\t<h2 class=\"elementor-heading-title elementor-size-default\">Un entorno favorable al crimen organizado<\/h2>\t\t\t\t<\/div>\n\t\t\t\t<\/div>\n\t\t\t\t\t<\/div>\n\t\t<\/div>\n\t\t\t\t\t<\/div>\n\t\t<\/section>\n\t\t\t\t<section class=\"elementor-section elementor-top-section elementor-element elementor-element-43930ad elementor-section-boxed elementor-section-height-default elementor-section-height-default\" data-id=\"43930ad\" data-element_type=\"section\">\n\t\t\t\t\t\t<div class=\"elementor-container elementor-column-gap-default\">\n\t\t\t\t\t<div class=\"elementor-column elementor-col-100 elementor-top-column elementor-element elementor-element-ad44f8e\" data-id=\"ad44f8e\" data-element_type=\"column\">\n\t\t\t<div class=\"elementor-widget-wrap elementor-element-populated\">\n\t\t\t\t\t\t<div class=\"elementor-element elementor-element-e4292bb elementor-widget elementor-widget-text-editor\" data-id=\"e4292bb\" data-element_type=\"widget\" data-widget_type=\"text-editor.default\">\n\t\t\t\t<div class=\"elementor-widget-container\">\n\t\t\t\t\t\t\t\t\t<div class=\"page\" title=\"Page 2\"><div class=\"layoutArea\"><div class=\"column\"><p>El crimen organizado prolifera en Venezuela a la vista de todos: narcotr\u00e1fico, extracci\u00f3n ilegal y tr\u00e1fico de oro, colt\u00e1n, rodio, cobre; contrabando de combustible, ganado, madera y chatarra, de armas, cigarrillos, licores; la extorsi\u00f3n y el cobro de vacunas; as\u00ed como el tr\u00e1fico de personas.<\/p><p>Son estructuras que operan en zonas de desarrollo productivo -como los estados Zulia y Bol\u00edvar- contra grupos poblacionales espec\u00edficos, contra pueblos y hasta ciudades. Su radio de acci\u00f3n es amplio porque se trata de organizaciones delictivas nacionales con conexiones internacionales, o extranjeras, entre las que se cuentan el Ej\u00e9rcito de Liberaci\u00f3n Nacional (ELN) y las disidencias de las Fuerzas Armadas Revolucionarias de Colombia (FARC), a los que recientemente se suman los carteles de la droga mexicanos con presencia en el eje fronterizo con Colombia .<\/p><p>Los grupos estructurados del crimen act\u00faan en Venezuela ante un Estado que juega un doble papel. Por un lado, con operativos militares y policiales -84 operaciones antidrogas solo en 2022, seg\u00fan la Superintendencia Nacional Antidrogas (SUNAD)- que lucen contundentes cuando se difunden a la opini\u00f3n p\u00fablica, pero que en la realidad son percibidos como acciones poco efectivas; y, por otro lado, se observa un rol permisivo, complaciente y en algunas zonas c\u00f3mplices del crimen organizado que domina territorio, poblaciones y econom\u00edas il\u00edcitas a la vista de todos.<\/p><p>Esta cara de la moneda muestra una simbiosis entre Estado y organizaciones criminales. Las funciones, roles y actividades se confunden entre ellos; comparten cuotas de poder, control social y obtienen enormes beneficios econ\u00f3micos, tal como lo han arrojado an\u00e1lisis previos de Transparencia Venezuela.<\/p><p>En este cap\u00edtulo presentamos los resultados de la investigaci\u00f3n realizada entre 2022 y 2023 sobre el papel del Estado venezolano frente a estos il\u00edcitos, a trav\u00e9s del an\u00e1lisis de las acciones y decisiones de sus instituciones. En primer t\u00e9rmino, se examina la actuaci\u00f3n del Ministerio P\u00fablico ante el crimen organizado, pues es el organismo que detenta la direcci\u00f3n de la investigaci\u00f3n de los delitos y el monopolio de la acci\u00f3n penal, luego de la instauraci\u00f3n del sistema acusatorio en materia penal, en la Constituci\u00f3n de la Rep\u00fablica Bolivariana de Venezuela (CRBV) y el C\u00f3digo Org\u00e1nico Procesal Penal (COPP) .<\/p><p>En el segundo aparte de este cap\u00edtulo, evaluaremos las pol\u00edticas p\u00fablicas y cambios legislativos que fortalecieron y protegieron al crimen y la corrupci\u00f3n en 2022 y hasta junio del 2023.<\/p><p>Las instituciones en Venezuela han sufrido un desmantelamiento progresivo, una suerte de \u201cdesinstitucionalizaci\u00f3n\u201d, que ampara el delito en la actualidad. Son acciones reiteradas y sistem\u00e1ticas impulsadas por un grupo que todav\u00eda ostenta altos niveles de autoridad, luego de m\u00e1s de 20 a\u00f1os en el ejercicio gubernamental.<\/p><\/div><\/div><\/div>\t\t\t\t\t\t\t\t<\/div>\n\t\t\t\t<\/div>\n\t\t\t\t\t<\/div>\n\t\t<\/div>\n\t\t\t\t\t<\/div>\n\t\t<\/section>\n\t\t\t\t<section class=\"elementor-section elementor-top-section elementor-element elementor-element-c3acfb8 elementor-section-boxed elementor-section-height-default elementor-section-height-default\" data-id=\"c3acfb8\" data-element_type=\"section\">\n\t\t\t\t\t\t<div class=\"elementor-container elementor-column-gap-default\">\n\t\t\t\t\t<div class=\"elementor-column elementor-col-50 elementor-top-column elementor-element elementor-element-9e706f3\" data-id=\"9e706f3\" data-element_type=\"column\">\n\t\t\t<div class=\"elementor-widget-wrap elementor-element-populated\">\n\t\t\t\t\t\t<div class=\"elementor-element elementor-element-bc154a3 elementor-widget elementor-widget-image\" data-id=\"bc154a3\" data-element_type=\"widget\" data-widget_type=\"image.default\">\n\t\t\t\t<div class=\"elementor-widget-container\">\n\t\t\t\t\t\t\t\t\t\t\t\t\t\t\t\t<a href=\"https:\/\/transparenciave.org\/economias-ilicitas\/wp-content\/uploads\/2023\/09\/La-institucionalidad-frente-a-las-economias-ilicitas.pdf\">\n\t\t\t\t\t\t\t<img decoding=\"async\" width=\"442\" height=\"624\" src=\"https:\/\/transparenciave.org\/economias-ilicitas\/wp-content\/uploads\/2023\/07\/portada-Cap-1-La-institucionalidad-frente-a-las-economias-ilicitas-14.png\" class=\"attachment-medium_large size-medium_large wp-image-9940\" alt=\"\" srcset=\"https:\/\/transparenciave.org\/economias-ilicitas\/wp-content\/uploads\/2023\/07\/portada-Cap-1-La-institucionalidad-frente-a-las-economias-ilicitas-14.png 442w, https:\/\/transparenciave.org\/economias-ilicitas\/wp-content\/uploads\/2023\/07\/portada-Cap-1-La-institucionalidad-frente-a-las-economias-ilicitas-14-213x300.png 213w\" sizes=\"(max-width: 442px) 100vw, 442px\" \/>\t\t\t\t\t\t\t\t<\/a>\n\t\t\t\t\t\t\t\t\t\t\t\t\t\t\t<\/div>\n\t\t\t\t<\/div>\n\t\t\t\t\t<\/div>\n\t\t<\/div>\n\t\t\t\t<div class=\"elementor-column elementor-col-50 elementor-top-column elementor-element elementor-element-3087ca1\" data-id=\"3087ca1\" data-element_type=\"column\">\n\t\t\t<div class=\"elementor-widget-wrap elementor-element-populated\">\n\t\t\t\t\t\t<div class=\"elementor-element elementor-element-b35c180 elementor-widget elementor-widget-heading\" data-id=\"b35c180\" data-element_type=\"widget\" data-widget_type=\"heading.default\">\n\t\t\t\t<div class=\"elementor-widget-container\">\n\t\t\t\t\t<h2 class=\"elementor-heading-title elementor-size-default\"><strong>ECONOM\u00cdAS IL\u00cdCITAS<br \/><\/strong>\nBAJO EL MANTO DE LA IMPUNIDAD<\/h2>\t\t\t\t<\/div>\n\t\t\t\t<\/div>\n\t\t\t\t<section class=\"elementor-section elementor-inner-section elementor-element elementor-element-2ab2a2e elementor-section-boxed elementor-section-height-default elementor-section-height-default\" data-id=\"2ab2a2e\" data-element_type=\"section\">\n\t\t\t\t\t\t<div class=\"elementor-container elementor-column-gap-default\">\n\t\t\t\t\t<div class=\"elementor-column elementor-col-50 elementor-inner-column elementor-element elementor-element-7fe6ef4\" data-id=\"7fe6ef4\" data-element_type=\"column\">\n\t\t\t<div class=\"elementor-widget-wrap elementor-element-populated\">\n\t\t\t\t\t\t<div class=\"elementor-element elementor-element-99a2ff7 elementor-widget elementor-widget-image\" data-id=\"99a2ff7\" data-element_type=\"widget\" data-widget_type=\"image.default\">\n\t\t\t\t<div class=\"elementor-widget-container\">\n\t\t\t\t\t\t\t\t\t\t\t\t\t\t\t\t<a href=\"https:\/\/transparenciave.org\/economias-ilicitas\/wp-content\/uploads\/2023\/09\/La-institucionalidad-frente-a-las-economias-ilicitas.pdf\">\n\t\t\t\t\t\t\t<img decoding=\"async\" width=\"88\" height=\"110\" src=\"https:\/\/transparenciave.org\/economias-ilicitas\/wp-content\/uploads\/2022\/05\/Frame16.png\" class=\"attachment-large size-large wp-image-120\" alt=\"\" \/>\t\t\t\t\t\t\t\t<\/a>\n\t\t\t\t\t\t\t\t\t\t\t\t\t\t\t<\/div>\n\t\t\t\t<\/div>\n\t\t\t\t\t<\/div>\n\t\t<\/div>\n\t\t\t\t<div class=\"elementor-column elementor-col-50 elementor-inner-column elementor-element elementor-element-5bc6b00\" data-id=\"5bc6b00\" data-element_type=\"column\">\n\t\t\t<div class=\"elementor-widget-wrap elementor-element-populated\">\n\t\t\t\t\t\t<div class=\"elementor-element elementor-element-eb34b4c elementor-widget elementor-widget-heading\" data-id=\"eb34b4c\" data-element_type=\"widget\" data-widget_type=\"heading.default\">\n\t\t\t\t<div class=\"elementor-widget-container\">\n\t\t\t\t\t<h2 class=\"elementor-heading-title elementor-size-default\"><a href=\"https:\/\/transparenciave.org\/economias-ilicitas\/wp-content\/uploads\/2023\/09\/La-institucionalidad-frente-a-las-economias-ilicitas.pdf\">DESCARGAR<br \/>PDF<\/a><\/h2>\t\t\t\t<\/div>\n\t\t\t\t<\/div>\n\t\t\t\t\t<\/div>\n\t\t<\/div>\n\t\t\t\t\t<\/div>\n\t\t<\/section>\n\t\t\t\t\t<\/div>\n\t\t<\/div>\n\t\t\t\t\t<\/div>\n\t\t<\/section>\n\t\t\t\t<\/div>\n\t\t","protected":false},"excerpt":{"rendered":"<p>Un entorno favorable al crimen organizado El crimen organizado prolifera en Venezuela a la vista de todos: narcotr\u00e1fico, extracci\u00f3n ilegal y tr\u00e1fico de oro, colt\u00e1n, rodio, cobre; contrabando de combustible, ganado, madera y chatarra, de armas, cigarrillos, licores; la extorsi\u00f3n y el cobro de vacunas; as\u00ed como el tr\u00e1fico de personas. Son estructuras que operan [&hellip;]<\/p>\n","protected":false},"author":4,"featured_media":1245,"parent":0,"menu_order":0,"comment_status":"closed","ping_status":"closed","template":"","meta":{"inline_featured_image":false,"footnotes":""},"class_list":["post-9718","page","type-page","status-publish","has-post-thumbnail","hentry"],"yoast_head":"<!-- This site is optimized with the Yoast SEO plugin v25.0 - https:\/\/yoast.com\/wordpress\/plugins\/seo\/ -->\n<title>Institucionalidad, un entorno favorable al crimen organizado - Trasparencia Venezuela<\/title>\n<meta name=\"description\" content=\"En los \u00faltimos meses hemos analizado los flujos il\u00edcitos que conjugan ilegalidad y criminalidad en la econom\u00eda venezolana.\" \/>\n<meta name=\"robots\" content=\"index, follow, max-snippet:-1, max-image-preview:large, max-video-preview:-1\" \/>\n<link rel=\"canonical\" href=\"https:\/\/transparenciave.org\/economias-ilicitas\/institucionalidad-un-entorno-favorable-al-crimen-organizado\/\" \/>\n<meta property=\"og:locale\" content=\"es_ES\" \/>\n<meta property=\"og:type\" content=\"article\" \/>\n<meta property=\"og:title\" content=\"Institucionalidad, un entorno favorable al crimen organizado - Trasparencia Venezuela\" \/>\n<meta property=\"og:description\" content=\"En los \u00faltimos meses hemos analizado los flujos il\u00edcitos que conjugan ilegalidad y criminalidad en la econom\u00eda venezolana.\" \/>\n<meta property=\"og:url\" content=\"https:\/\/transparenciave.org\/economias-ilicitas\/institucionalidad-un-entorno-favorable-al-crimen-organizado\/\" \/>\n<meta property=\"og:site_name\" content=\"Trasparencia Venezuela\" \/>\n<meta property=\"article:modified_time\" content=\"2023-09-27T22:03:28+00:00\" \/>\n<meta property=\"og:image\" content=\"https:\/\/transparenciave.org\/economias-ilicitas\/wp-content\/uploads\/2022\/06\/imagen192.png\" \/>\n\t<meta property=\"og:image:width\" content=\"394\" \/>\n\t<meta property=\"og:image:height\" content=\"656\" \/>\n\t<meta property=\"og:image:type\" content=\"image\/png\" \/>\n<meta name=\"twitter:card\" content=\"summary_large_image\" \/>\n<meta name=\"twitter:label1\" content=\"Tiempo de lectura\" \/>\n\t<meta name=\"twitter:data1\" content=\"3 minutos\" \/>\n<script type=\"application\/ld+json\" class=\"yoast-schema-graph\">{\"@context\":\"https:\/\/schema.org\",\"@graph\":[{\"@type\":\"WebPage\",\"@id\":\"https:\/\/transparenciave.org\/economias-ilicitas\/institucionalidad-un-entorno-favorable-al-crimen-organizado\/\",\"url\":\"https:\/\/transparenciave.org\/economias-ilicitas\/institucionalidad-un-entorno-favorable-al-crimen-organizado\/\",\"name\":\"Institucionalidad, un entorno favorable al crimen organizado - Trasparencia Venezuela\",\"isPartOf\":{\"@id\":\"https:\/\/transparenciave.org\/economias-ilicitas\/#website\"},\"primaryImageOfPage\":{\"@id\":\"https:\/\/transparenciave.org\/economias-ilicitas\/institucionalidad-un-entorno-favorable-al-crimen-organizado\/#primaryimage\"},\"image\":{\"@id\":\"https:\/\/transparenciave.org\/economias-ilicitas\/institucionalidad-un-entorno-favorable-al-crimen-organizado\/#primaryimage\"},\"thumbnailUrl\":\"https:\/\/transparenciave.org\/economias-ilicitas\/wp-content\/uploads\/2022\/06\/imagen192.png\",\"datePublished\":\"2023-07-31T21:31:33+00:00\",\"dateModified\":\"2023-09-27T22:03:28+00:00\",\"description\":\"En los \u00faltimos meses hemos analizado los flujos il\u00edcitos que conjugan ilegalidad y criminalidad en la econom\u00eda venezolana.\",\"breadcrumb\":{\"@id\":\"https:\/\/transparenciave.org\/economias-ilicitas\/institucionalidad-un-entorno-favorable-al-crimen-organizado\/#breadcrumb\"},\"inLanguage\":\"es\",\"potentialAction\":[{\"@type\":\"ReadAction\",\"target\":[\"https:\/\/transparenciave.org\/economias-ilicitas\/institucionalidad-un-entorno-favorable-al-crimen-organizado\/\"]}]},{\"@type\":\"ImageObject\",\"inLanguage\":\"es\",\"@id\":\"https:\/\/transparenciave.org\/economias-ilicitas\/institucionalidad-un-entorno-favorable-al-crimen-organizado\/#primaryimage\",\"url\":\"https:\/\/transparenciave.org\/economias-ilicitas\/wp-content\/uploads\/2022\/06\/imagen192.png\",\"contentUrl\":\"https:\/\/transparenciave.org\/economias-ilicitas\/wp-content\/uploads\/2022\/06\/imagen192.png\",\"width\":394,\"height\":656,\"caption\":\"ECONOM\u00cdAS IL\u00cdCITAS\"},{\"@type\":\"BreadcrumbList\",\"@id\":\"https:\/\/transparenciave.org\/economias-ilicitas\/institucionalidad-un-entorno-favorable-al-crimen-organizado\/#breadcrumb\",\"itemListElement\":[{\"@type\":\"ListItem\",\"position\":1,\"name\":\"Portada\",\"item\":\"https:\/\/transparenciave.org\/economias-ilicitas\/\"},{\"@type\":\"ListItem\",\"position\":2,\"name\":\"Institucionalidad, un entorno favorable al crimen organizado\"}]},{\"@type\":\"WebSite\",\"@id\":\"https:\/\/transparenciave.org\/economias-ilicitas\/#website\",\"url\":\"https:\/\/transparenciave.org\/economias-ilicitas\/\",\"name\":\"Trasparencia Venezuela\",\"description\":\"Economias Il\u00edcitas\",\"publisher\":{\"@id\":\"https:\/\/transparenciave.org\/economias-ilicitas\/#organization\"},\"potentialAction\":[{\"@type\":\"SearchAction\",\"target\":{\"@type\":\"EntryPoint\",\"urlTemplate\":\"https:\/\/transparenciave.org\/economias-ilicitas\/?s={search_term_string}\"},\"query-input\":{\"@type\":\"PropertyValueSpecification\",\"valueRequired\":true,\"valueName\":\"search_term_string\"}}],\"inLanguage\":\"es\"},{\"@type\":\"Organization\",\"@id\":\"https:\/\/transparenciave.org\/economias-ilicitas\/#organization\",\"name\":\"Trasparencia Venezuela\",\"url\":\"https:\/\/transparenciave.org\/economias-ilicitas\/\",\"logo\":{\"@type\":\"ImageObject\",\"inLanguage\":\"es\",\"@id\":\"https:\/\/transparenciave.org\/economias-ilicitas\/#\/schema\/logo\/image\/\",\"url\":\"https:\/\/transparenciave.org\/economias-ilicitas\/wp-content\/uploads\/2025\/03\/cropped-logo_TV_exilio.png\",\"contentUrl\":\"https:\/\/transparenciave.org\/economias-ilicitas\/wp-content\/uploads\/2025\/03\/cropped-logo_TV_exilio.png\",\"width\":697,\"height\":473,\"caption\":\"Trasparencia Venezuela\"},\"image\":{\"@id\":\"https:\/\/transparenciave.org\/economias-ilicitas\/#\/schema\/logo\/image\/\"}}]}<\/script>\n<!-- \/ Yoast SEO plugin. -->","yoast_head_json":{"title":"Institucionalidad, un entorno favorable al crimen organizado - Trasparencia Venezuela","description":"En los \u00faltimos meses hemos analizado los flujos il\u00edcitos que conjugan ilegalidad y criminalidad en la econom\u00eda venezolana.","robots":{"index":"index","follow":"follow","max-snippet":"max-snippet:-1","max-image-preview":"max-image-preview:large","max-video-preview":"max-video-preview:-1"},"canonical":"https:\/\/transparenciave.org\/economias-ilicitas\/institucionalidad-un-entorno-favorable-al-crimen-organizado\/","og_locale":"es_ES","og_type":"article","og_title":"Institucionalidad, un entorno favorable al crimen organizado - Trasparencia Venezuela","og_description":"En los \u00faltimos meses hemos analizado los flujos il\u00edcitos que conjugan ilegalidad y criminalidad en la econom\u00eda venezolana.","og_url":"https:\/\/transparenciave.org\/economias-ilicitas\/institucionalidad-un-entorno-favorable-al-crimen-organizado\/","og_site_name":"Trasparencia Venezuela","article_modified_time":"2023-09-27T22:03:28+00:00","og_image":[{"width":394,"height":656,"url":"https:\/\/transparenciave.org\/economias-ilicitas\/wp-content\/uploads\/2022\/06\/imagen192.png","type":"image\/png"}],"twitter_card":"summary_large_image","twitter_misc":{"Tiempo de lectura":"3 minutos"},"schema":{"@context":"https:\/\/schema.org","@graph":[{"@type":"WebPage","@id":"https:\/\/transparenciave.org\/economias-ilicitas\/institucionalidad-un-entorno-favorable-al-crimen-organizado\/","url":"https:\/\/transparenciave.org\/economias-ilicitas\/institucionalidad-un-entorno-favorable-al-crimen-organizado\/","name":"Institucionalidad, un entorno favorable al crimen organizado - Trasparencia Venezuela","isPartOf":{"@id":"https:\/\/transparenciave.org\/economias-ilicitas\/#website"},"primaryImageOfPage":{"@id":"https:\/\/transparenciave.org\/economias-ilicitas\/institucionalidad-un-entorno-favorable-al-crimen-organizado\/#primaryimage"},"image":{"@id":"https:\/\/transparenciave.org\/economias-ilicitas\/institucionalidad-un-entorno-favorable-al-crimen-organizado\/#primaryimage"},"thumbnailUrl":"https:\/\/transparenciave.org\/economias-ilicitas\/wp-content\/uploads\/2022\/06\/imagen192.png","datePublished":"2023-07-31T21:31:33+00:00","dateModified":"2023-09-27T22:03:28+00:00","description":"En los \u00faltimos meses hemos analizado los flujos il\u00edcitos que conjugan ilegalidad y criminalidad en la econom\u00eda venezolana.","breadcrumb":{"@id":"https:\/\/transparenciave.org\/economias-ilicitas\/institucionalidad-un-entorno-favorable-al-crimen-organizado\/#breadcrumb"},"inLanguage":"es","potentialAction":[{"@type":"ReadAction","target":["https:\/\/transparenciave.org\/economias-ilicitas\/institucionalidad-un-entorno-favorable-al-crimen-organizado\/"]}]},{"@type":"ImageObject","inLanguage":"es","@id":"https:\/\/transparenciave.org\/economias-ilicitas\/institucionalidad-un-entorno-favorable-al-crimen-organizado\/#primaryimage","url":"https:\/\/transparenciave.org\/economias-ilicitas\/wp-content\/uploads\/2022\/06\/imagen192.png","contentUrl":"https:\/\/transparenciave.org\/economias-ilicitas\/wp-content\/uploads\/2022\/06\/imagen192.png","width":394,"height":656,"caption":"ECONOM\u00cdAS IL\u00cdCITAS"},{"@type":"BreadcrumbList","@id":"https:\/\/transparenciave.org\/economias-ilicitas\/institucionalidad-un-entorno-favorable-al-crimen-organizado\/#breadcrumb","itemListElement":[{"@type":"ListItem","position":1,"name":"Portada","item":"https:\/\/transparenciave.org\/economias-ilicitas\/"},{"@type":"ListItem","position":2,"name":"Institucionalidad, un entorno favorable al crimen organizado"}]},{"@type":"WebSite","@id":"https:\/\/transparenciave.org\/economias-ilicitas\/#website","url":"https:\/\/transparenciave.org\/economias-ilicitas\/","name":"Trasparencia Venezuela","description":"Economias Il\u00edcitas","publisher":{"@id":"https:\/\/transparenciave.org\/economias-ilicitas\/#organization"},"potentialAction":[{"@type":"SearchAction","target":{"@type":"EntryPoint","urlTemplate":"https:\/\/transparenciave.org\/economias-ilicitas\/?s={search_term_string}"},"query-input":{"@type":"PropertyValueSpecification","valueRequired":true,"valueName":"search_term_string"}}],"inLanguage":"es"},{"@type":"Organization","@id":"https:\/\/transparenciave.org\/economias-ilicitas\/#organization","name":"Trasparencia Venezuela","url":"https:\/\/transparenciave.org\/economias-ilicitas\/","logo":{"@type":"ImageObject","inLanguage":"es","@id":"https:\/\/transparenciave.org\/economias-ilicitas\/#\/schema\/logo\/image\/","url":"https:\/\/transparenciave.org\/economias-ilicitas\/wp-content\/uploads\/2025\/03\/cropped-logo_TV_exilio.png","contentUrl":"https:\/\/transparenciave.org\/economias-ilicitas\/wp-content\/uploads\/2025\/03\/cropped-logo_TV_exilio.png","width":697,"height":473,"caption":"Trasparencia Venezuela"},"image":{"@id":"https:\/\/transparenciave.org\/economias-ilicitas\/#\/schema\/logo\/image\/"}}]}},"_links":{"self":[{"href":"https:\/\/transparenciave.org\/economias-ilicitas\/wp-json\/wp\/v2\/pages\/9718","targetHints":{"allow":["GET"]}}],"collection":[{"href":"https:\/\/transparenciave.org\/economias-ilicitas\/wp-json\/wp\/v2\/pages"}],"about":[{"href":"https:\/\/transparenciave.org\/economias-ilicitas\/wp-json\/wp\/v2\/types\/page"}],"author":[{"embeddable":true,"href":"https:\/\/transparenciave.org\/economias-ilicitas\/wp-json\/wp\/v2\/users\/4"}],"replies":[{"embeddable":true,"href":"https:\/\/transparenciave.org\/economias-ilicitas\/wp-json\/wp\/v2\/comments?post=9718"}],"version-history":[{"count":59,"href":"https:\/\/transparenciave.org\/economias-ilicitas\/wp-json\/wp\/v2\/pages\/9718\/revisions"}],"predecessor-version":[{"id":11828,"href":"https:\/\/transparenciave.org\/economias-ilicitas\/wp-json\/wp\/v2\/pages\/9718\/revisions\/11828"}],"wp:featuredmedia":[{"embeddable":true,"href":"https:\/\/transparenciave.org\/economias-ilicitas\/wp-json\/wp\/v2\/media\/1245"}],"wp:attachment":[{"href":"https:\/\/transparenciave.org\/economias-ilicitas\/wp-json\/wp\/v2\/media?parent=9718"}],"curies":[{"name":"wp","href":"https:\/\/api.w.org\/{rel}","templated":true}]}}